) = m**3 + 15*m**2 - 23*m - 9. What is the tens digit of c(d)?
3
Let f(a) = 29727*a**2 - 28*a - 27. What is the units digit of f(-1)?
8
Let p = -138 - -558. Let t = 764 - p. What is the hundreds digit of t?
3
Suppose -3*k + w + 1 = -0*w, 4*w - 22 = -k. Let s be k - ((-2)/4 + 10/(-4)). Suppose 0 = -6*z + s*z + 25. What is the tens digit of z?
2
Let s = -135 + 147. Let y(i) = 9*i**2 - 46*i - 16. What is the hundreds digit of y(s)?
7
Let h be 7/(-21) + (-260)/(-6). Suppose -2*o = 2*p - 26, 0 = 4*o + 2*p - p - h. Suppose -7*x + o*x = 27. What is the units digit of x?
9
What is the tens digit of (3/(12/215416))/(2*9/9)?
2
Let w be 402 + (1 + 1 - -3). Suppose -5*m = 4*s - w, m - 185 = -3*s + 134. Suppose -125 - s = -h. What is the hundreds digit of h?
2
Let w(v) = v**3 - 10*v**2 + 17*v - 32. Let m be w(8). Let d = 244 + m. What is the tens digit of d?
2
Suppose -4*r + 1468 = 2*q - 1680, 0 = 4*r + 5*q - 3148. Suppose 11*o = 10*o - 3, 0 = -4*i - 3*o + r. What is the units digit of i?
9
Suppose -2*r = -0*m + 2*m + 12, 0 = -4*r - 5*m - 27. What is the tens digit of ((-492)/(-20))/(r/(-10))?
8
Let b = 350 + -345. Suppose -5*z - 11 = 4, -b*z = 3*g - 1389. What is the hundreds digit of g?
4
What is the units digit of (-35)/((-2)/(-13580)*-10)?
5
Suppose 2*y + 2 = 0, 97*o = 99*o + 5*y - 7813. What is the tens digit of o?
0
Suppose -47*s + 59*s - 596856 + 54792 = 0. What is the tens digit of s?
7
Let m = 23 - 16. Suppose 0 = m*z - 2*z - 1165. Let v = z + -120. What is the tens digit of v?
1
What is the tens digit of -948*((-1088)/51 - 2)?
2
Let r = -7 - -7. Suppose r = 4*a - 5*y - 17, 3*y + y + 13 = 3*a. Suppose s + a*s = 540. What is the hundreds digit of s?
1
Suppose -2*j + 80 = -2*p - 2*p, 0 = -5*j. Let d be (-1 - p/11) + (-2)/(-11). Suppose 0 = -2*z - d + 75. What is the units digit of z?
7
Suppose -3*m = 2*q - q - 41, 3*m = -2*q + 46. Let n be (-12)/9*m/8. What is the tens digit of (3 + n)/((-1)/(-14))?
1
Let x = -355 - -670. Let v = x + 217. What is the tens digit of v?
3
Let a(t) = t**3 - t**2 - t + 2. Let g be a(-2). Let b(u) = -2*u - 16. Let x be b(g). Suppose x = 5*c - 15 - 345. What is the tens digit of c?
7
Suppose -3*n = 4*r - 19603, 7067 = 3*r + 3*n - 7639. Suppose 1379 = 12*t - r. What is the hundreds digit of t?
5
Let l(m) = -11*m - 28*m + 22 + 19*m. Let p be l(-7). What is the hundreds digit of p + (-1)/(4 - 5)?
1
Let u = 26006 + -13019. What is the thousands digit of u?
2
Let d be 1629 - ((-24)/(-6) + -7). Suppose d = 6*a - 1122. What is the hundreds digit of a?
4
Suppose 12 = 4*y, y - 2*y - 12030 = -b. What is the hundreds digit of b?
0
Let d = -5053 - -6282. What is the thousands digit of d?
1
What is the tens digit of (-480)/1680 - ((1173282/(-21))/2 + 1)?
3
Let z(n) = -18 - 7*n + 49 + 2*n**2 - 15. Suppose -11 - 10 = -3*a. What is the tens digit of z(a)?
6
Let n be (-118 - -4)*(-2 + (-20)/(-12)). Suppose n*u - 3420 = 29*u. What is the tens digit of u?
8
Suppose -12 = -4*k - 4*w, -w + 15 = -k - 4*k. Let g be 14/(1 + 0 + -1 + k). Let f = 21 + g. What is the units digit of f?
4
Let u = -839 - -852. Suppose -u*y - 2591 = -14928. What is the units digit of y?
9
Let a = 1652 - -1245. What is the units digit of a?
7
Suppose -r = 2*i - 27320, -19200 - 117322 = -5*r + 3*i. What is the units digit of r?
8
Let x(c) = -22*c**2 + 4*c + 16. Let a(m) = 23*m**2 - 4*m - 16. Let b(v) = -3*a(v) - 4*x(v). What is the tens digit of b(6)?
4
Suppose 14*p - 42*p = -4967 - 1106353. What is the hundreds digit of p?
6
Let h(j) = j**3 - 15*j**2 + 14*j + 46. Let c(p) = p**3 - 16*p**2 + 16*p + 45. Let a(q) = -3*c(q) + 4*h(q). What is the hundreds digit of a(12)?
1
Let t(m) = -325*m + 52. Let u(a) = 488*a - 79. Let z(h) = 8*t(h) + 5*u(h). What is the hundreds digit of z(-8)?
3
Suppose -22*w + 15*w = -504. Let p = 74 - w. Suppose 5*s = 3*n - 357, 0 = 4*n - 2*n + p*s - 238. What is the tens digit of n?
1
Suppose 2*f - 16021 = 5757. What is the tens digit of f?
8
Let h(y) = -6*y - 26. Let l be h(-7). Suppose -97 = -2*b + 5*c + 107, 4*c = -l. Suppose -g - f + b = 0, 3*f + 193 = 2*g - 1. What is the units digit of g?
4
Let q(o) = 6*o**2 - 14*o + 196. What is the tens digit of q(-10)?
3
What is the tens digit of (3/2)/((-186)/(-496)) - -3475?
7
Let q(y) be the third derivative of -y**5/60 - y**4/8 + 69*y**3/2 + 4*y**2 - 25*y. Suppose 3*b = b. What is the hundreds digit of q(b)?
2
Let r be 1/(-2)*(-26 + 0). Suppose -z + 0*z - 5*q = -78, 3*z = 5*q + 154. Let n = z + r. What is the units digit of n?
1
Suppose -84 = -34*n + 6*n. What is the tens digit of n*(-1228)/(-6) + -3*1?
1
Let x be (10/4*1)/(1/2). Suppose 5 = 4*d + x. Let a(t) = -t**2 + 2*t + 22. What is the units digit of a(d)?
2
Let h = 5960 - 5080. What is the units digit of h?
0
Let c(u) = u**2 + 7*u - 18. Let k be c(-9). Suppose k = 3*l + 5*o - 1234, -13*o = l - 12*o - 412. What is the hundreds digit of l?
4
Let v(t) = -7*t - 112. Let y be v(-16). What is the tens digit of (y - (-1578)/(-9))*-3?
2
Suppose -165*c = -178*c + 157417. What is the thousands digit of c?
2
Let a(g) be the first derivative of 5*g**2 - 9*g - 9. Let c be a(7). Suppose 0 = 5*q - 5*t - 238 + 78, -2*q - t + c = 0. What is the units digit of q?
1
Suppose -4*w + 24 = 4*l, -l = 1 - 2. Suppose 0 = -2*v - 2*v, -5*f - w*v = -100. Let r = 107 - f. What is the tens digit of r?
8
Let n(r) = 17*r - 2. Let h be n(4). Suppose 19*m = 25*m - h. Suppose -m*d + 327 - 118 = 0. What is the tens digit of d?
1
What is the units digit of ((-17)/(-85))/(1/3)*6505?
3
Let l(a) = 663*a**3 - 1. Suppose 0 = 37*i - 7*i - 30. What is the units digit of l(i)?
2
Suppose -119*c + 598878 = 28*c. What is the thousands digit of c?
4
Let n = 17 - 13. Let w be (-7)/7*(0 + 0 - 0). Suppose n*h - 6 = -y + 3*y, w = -5*y - 5*h + 30. What is the units digit of y?
3
What is the units digit of 14/(-68 - 2)*-26155?
1
Let l(m) = 107*m**2. Let z = -30 + 29. What is the units digit of l(z)?
7
Suppose -60*f - 56 = -68*f. Suppose 166 = f*o - 86. What is the tens digit of o?
3
Let d(q) = 286*q - 282*q - 1 - 6 + 411*q**3 + 2 - q**2. What is the hundreds digit of d(1)?
4
Suppose 68579 = -8*u + 286155. What is the units digit of u?
7
Let h(a) = -109*a + 48. Let m be h(-17). Let f = m - 1238. What is the units digit of f?
3
Let u = 14 + -4. Suppose -u = 3*s - 196. Let c = -31 + s. What is the units digit of c?
1
Suppose 0 = 8*i + 485 + 819. Let l = i - -540. What is the units digit of l?
7
Let q(z) = -7*z + 108. Let o be q(29). Let m = 182 + o. What is the units digit of m?
7
Suppose 3*c - 5460 - 20371 = -5*a, 2*a - 4*c - 10374 = 0. What is the thousands digit of a?
5
Let c(b) = 282*b - 9. Let l be c(5). Suppose 10*s - 399 = l. What is the tens digit of s?
8
Let c = 6657 - 4564. Let s = c + -1098. What is the hundreds digit of s?
9
Let g be -1 + -130 + -1*(1 - 2). Let r = g - -274. What is the hundreds digit of r?
1
Let y be (8 + 279/(-36))/(1/3548). Suppose 3*x = 2*x - p + y, -x + p = -889. What is the tens digit of x?
8
Suppose 405196 = 13*t + 6*t - 207326. What is the ten thousands digit of t?
3
What is the tens digit of (4 + (-64960)/(-21))/(1/9*3)?
9
Let o be 0 - (3 + -1)/(-1) - 1. Let a(k) = -2*k + 2. Let i be a(o). Suppose -3*s + 8*s - 25 = i. What is the units digit of s?
5
Let f(h) = 3*h**2 + 5*h. Let v be f(-8). Let a be 120/(-150)*(1 + (-7)/2). Suppose -190 = -3*g - a*g + 2*p, 0 = -4*g - 4*p + v. What is the tens digit of g?
3
Suppose 0*f + 3*f + a - 9 = 0, -f - 5*a = -3. Suppose 5*l + s - 5 = 0, -2*s - 22 = -l + 2*s. What is the tens digit of 3225/10*l/f?
1
Let j(z) = -z**2 - 7*z + 16. Let f be j(-7). Suppose x - 522 = -3*a, -14*a + 3*x = -f*a + 341. What is the units digit of a?
5
Let w(v) = -100*v + 167 - 69 - 64. What is the hundreds digit of w(-6)?
6
Suppose 143*r - 1217572 = 1093308. What is the thousands digit of r?
6
Let r(m) = 3*m + 23. Let s be r(-7). Suppose 5*w - 24 + 4 = 2*v, -4*w + s*v = -18. What is the units digit of w?
2
Let m(v) = 93*v**2 - 41*v - 10. What is the units digit of m(8)?
4
Let n = 1417 + -1412. Let t(m) = m**2 - m + 75. Let i be t(0). Suppose -n*r + 305 = -i. What is the units digit of r?
6
Let y(d) be the first derivative of d**3/3 - 8*d**2 + 64*d - 30. What is the units digit of y(0)?
4
Suppose 0 = 14*h - 145 + 117. Suppose -2*f = 5*i - 806 + 301, 4*i -